 6, what is 150 + -11154?
-11004
In base 6, what is 33 - 4014?
-3541
In base 10, what is 1427 - 31?
1396
In base 16, what is -1 - a6e?
-a6f
In base 5, what is -21113 - 230?
-21343
In base 4, what is -1213 - 21?
-1300
In base 10, what is 300 + -657?
-357
In base 16, what is 3e9 + f4?
4dd
In base 11, what is 4 - -13212?
13216
In base 5, what is 402 + -21020?
-20113
In base 8, what is 252510 + 3?
252513
In base 6, what is 2 + -102035?
-102033
In base 12, what is 3abb32 - 1?
3abb31
In base 11, what is 2031 + 11?
2042
In base 16, what is a + -6cc6?
-6cbc
In base 11, what is 6 + -1597?
-1591
In base 9, what is -1 - -418743?
418742
In base 7, what is -1 - -44261?
44260
In base 13, what is -423 + -18?
-43b
In base 13, what is 252c5 - -1?
252c6
In base 2, what is 1010100 + 1000010101?
1001101001
In base 2, what is 10111110010100 + 1001000?
10111111011100
In base 7, what is 56016 + 6?
56025
In base 12, what is 1 + 110?
111
In base 6, what is -34425 - 1001?
-35430
In base 16, what is 42 + -1ea?
-1a8
In base 2, what is 10101011101011 - -100?
10101011101111
In base 10, what is -16 - -9248?
9232
In base 14, what is 36 + -1a1?
-169
In base 14, what is -4263a - -5?
-42635
In base 2, what is 110011001110011100 + 100?
110011001110100000
In base 9, what is 168 - -142?
321
In base 8, what is -2 - -2554771?
2554767
In base 7, what is 1141 + -463?
345
In base 16, what is -1fe6e + -2?
-1fe70
In base 4, what is 3 + -12030001?
-12023332
In base 3, what is 2 - -10022001200?
10022001202
In base 14, what is -3 - 4a07?
-4a0a
In base 12, what is -18 + 1568?
1550
In base 3, what is 10002011 + -12111?
2212200
In base 4, what is 13321122003 + -10?
13321121333
In base 12, what is -6 - 1278?
-1282
In base 11, what is -11a92 + 3?
-11a8a
In base 12, what is 10b - 8b1?
-7a2
In base 16, what is -87e + 2e?
-850
In base 4, what is 2 - -1301101023?
1301101031
In base 12, what is 139b8 - -1?
139b9
In base 12, what is -7955 - 111?
-7a66
In base 13, what is -4 - -11329c?
113298
In base 4, what is -30131123012 + -10?
-30131123022
In base 10, what is -5845 - -2?
-5843
In base 15, what is -95 + -3?
-98
In base 6, what is 41 + -22045?
-22004
In base 7, what is -130 + -134?
-264
In base 12, what is 3b54 - -5?
3b59
In base 11, what is 16282 - 29?
16254
In base 7, what is -5032013 + -1?
-5032014
In base 3, what is 1122 + -2211120111?
-2211111212
In base 13, what is -22 - -22c?
20a
In base 5, what is -232220422 + -3?
-232220430
In base 4, what is 20 - 1021323111?
-1021323031
In base 16, what is 15 - 69bd?
-69a8
In base 6, what is -455123 - 4?
-455131
In base 6, what is -30121423 + -3?
-30121430
In base 3, what is -2 + 212122120011?
212122120002
In base 15, what is 540 - 1a0?
390
In base 7, what is 352211 + -5?
352203
In base 6, what is -1554523 - -3?
-1554520
In base 9, what is -208 - -33?
-165
In base 8, what is 2 - 3564?
-3562
In base 13, what is b09a + 20?
b0ba
In base 9, what is 264470 + 4?
264474
In base 7, what is 55053 + -4?
55046
In base 5, what is 10 + 10210401?
10210411
In base 15, what is 0 - 683ac?
-683ac
In base 6, what is -3423001 + -4?
-3423005
In base 6, what is 2 - 150055?
-150053
In base 8, what is -1034521 - -20?
-1034501
In base 5, what is 3 + 341111?
341114
In base 9, what is -3 - 226768?
-226772
In base 3, what is 2100110 + 2101?
2102211
In base 10, what is 32148 + -1?
32147
In base 15, what is 5 + 26e4e?
26e54
In base 12, what is -5 + -104498?
-1044a1
In base 9, what is 34686 - 0?
34686
In base 11, what is 0 - 11446?
-11446
In base 13, what is -c978 - -2?
-c976
In base 15, what is 1 + 7e33?
7e34
In base 6, what is -205 + 441?
232
In base 15, what is 2 + -91bcd?
-91bcb
In base 5, what is 240242 + 24?
240321
In base 16, what is -1d451 - -7?
-1d44a
In base 9, what is 286 + -204?
82
In base 2, what is -1110111100010111 - 0?
-1110111100010111
In base 13, what is 0 + -16a066?
-16a066
In base 7, what is 13264 - -1363?
14660
In base 4, what is 120110 - 313?
113131
In base 2, what is 101 - -1011100010100?
1011100011001
In base 14, what is -10 + 1aa1?
1a91
In base 13, what is -7 - 269416?
-269420
In base 16, what is -13 - -289a?
2887
In base 7, what is 30 - 146033?
-146003
In base 13, what is 18 + 3394?
33ac
In base 14, what is 0 + 5983?
5983
In base 9, what is 1708181 + 4?
1708185
In base 6, what is 104 + 350350?
350454
In base 8, what is -3 - -1552263?
1552260
In base 13, what is 3351 - -4?
3355
In base 8, what is -10 - 1607046?
-1607056
In base 12, what is -3b + -422?
-461
In base 6, what is -10125 + -505?
-11034
In base 10, what is -228 + 767?
539
In base 5, what is -1031 + 23301?
22220
In base 11, what is -143 + -472?
-605
In base 5, what is 3 + 301104312?
301104320
In base 8, what is -6 - 31723?
-31731
In base 7, what is 102 - -2603?
3005
In base 16, what is -4344 + 3?
-4341
In base 2, what is 1000100000110111 - -1000001?
1000100001111000
In base 10, what is -1247 + 326?
-921
In base 2, what is -101010000111000011 + -10?
-101010000111000101
In base 9, what is -2432 + -11?
-2443
In base 11, what is -1482 - -223?
-125a
In base 4, what is 1100101223 + 103?
1100101332
In base 8, what is 0 + 215670?
215670
In base 5, what is 3 + 103424114?
103424122
In base 13, what is -1b87 - 87?
-1c41
In base 13, what is -28 + -930?
-958
In base 15, what is 9 + 44b3?
44bc
In base 8, what is 15 + -16143?
-16126
In base 15, what is 9eace - -5?
9ead4
In base 16, what is -21 - -6b2?
691
In base 9, what is 150 + 231?
381
In base 2, what is -1110111111 - 0?
-1110111111
In base 3, what is 100222 + -211?
100011
In base 10, what is 195 - -161?
356
In base 9, what is -1 - 104624?
-104625
In base 3, what is 10 + -1122010101?
-1122010021
In base 8, what is 52 - 103665?
-103613
In base 6, what is -5 - -20531104?
20531055
In base 2, what is -1001010001001011101101 - 10?
-1001010001001011101111
In base 15, what is -b - -12c6?
12ba
In base 9, what is 3 + -672846?
-672843
In base 15, what is -358c + -4?
-3591
In base 6, what is 23051511 - -1?
23051512
In base 11, what is 5 - 49301?
-492a7
In base 13, what is b4b21 + -2?
b4b1c
In base 11, what is 2 - 2a1580?
-2a1579
In base 10, what is 4897 - -360?
5257
In base 15, what is 1 + 6576?
6577
In base 9, what is 5 - 1464651?
-1464645
In base 11, what is 2 + 233152?
233154
In base 4, what is 1 + -1303111331?
-1303111330
In base 16, what is 24742 - 2?
24740
In base 16, what is -db2f + 5?
-db2a
In base 16, what is -d - -99?
8c
In base 13, what is -b02 - -2b?
-aa4
In base 12, what is 3 - -1586?
1589
In base 11, what is 1067 - 9a?
a78
In base 16, what is -a - 1f19?
-1f23
In base 9, what is -1351738 - 1?
-1351740
In base 6, what is 121 + -145442?
-145321
In base 3, what is 112 - 1001102220201?
-1001102220012
In base 10, what is 3 - 37042?
-37039
In base 6, what is -1 - -4552?
4551
In base 11, what is -4 - -a612?
a609
In base 9, what is 10 + -1315?
-1305
In base 5, what is 1242133 - 3?
1242130
In base 10, what is 1 - -401831?
401832
In base 11, what is -2 + 3a6153?
3a6151
In base 11, what is -6 - -4274?
4269
In base 7, what is 146 - 144203?
-144024
In base 4, what is 0 - 132121103?
-132121103
In base 7, what is -3 - -2162511?
2162505
In base 6, what is -5 - 20340531?
-20340540
In base 12, what is -405b2 + -2?
-405b4
In base 13, what is 1 + -70291?
-70290
In base 8, what is -34 + -1331?
-1365
In base 4, what is 300300233 + 1?
300300300
In base 2, what is -10 + -100111001001011?
-100111001001101
In base 2, what is -1101010100111110 - -1?
-1101010100111101
In base 4, what is 101 - 3031?
-2330
In base 3, what is -10112 + 10211?
22
In base 13, what is -1330 + -2c?
-135c
In base 4, what is 102031322 - 11?
102031311
In base 10, what is 3 - 3261?
-3258
In base 5, what is -34041 - 24?
-34120
In base 7, what is -404 + -30?
-434
In base 4, what is 2233133 + 10?
2233203
In base 14, what is -5 - -1580?
1579
In base 12, what is -5 - -14b8?
14b3
In base 7, what is -22 - -2053?
2031
In base 10, what is 1 + -293546?
-293545
In base 3, what is 12210010 + 1212?
12211222
In base 10, what is 0 + 255937?
255937
In base 2, what is 100 - -11000000010110?
11000000011010
In base 5, what is -324410321 - 1?
-324410322
In base 12, what is -2 + 48a815?
48a813
In base 13, what is 19376 + -4?
19372
In base 12, what is 81 + 81a?
89b
In base 6, what is 24 + -13313?
-13245
In base 15, what is -3 + -15933?
